{"id":14119,"date":"2026-03-25T09:47:40","date_gmt":"2026-03-25T10:47:40","guid":{"rendered":"https:\/\/greenvacations.pt\/ver-alojamento\/casa-da-arvore-villa-2\/"},"modified":"2026-04-06T14:01:22","modified_gmt":"2026-04-06T15:01:22","slug":"casa-da-arvore-villa-2","status":"publish","type":"ptalojamento","link":"https:\/\/greenvacations.pt\/en\/ver-alojamento\/casa-da-arvore-villa-2\/","title":{"rendered":"Casa da \u00c1rvore &#8211; Villa"},"content":{"rendered":"<p>Welcome to Casa da \u00c1rvore &#8211; Villa, a charming family refuge located in the picturesque Calhetas, right by the sea. This spacious and cosy 350 square metre dwelling is the perfect destination for families seeking a relaxing getaway with stunning views of the sea, mountains, and swimming pool.<\/p>\n<p>The villa has three spacious bedrooms, all equipped with double beds, allowing comfortable accommodation for up to 6 people. With seven bathrooms &#8211; including one with a shower, two with a bathtub and four with only a toilet &#8211; we guarantee maximum comfort and privacy for all guests.<\/p>\n<p>The fully equipped kitchen is a true dream for culinary enthusiasts, with a fridge, freezer, coffee machine, oven, microwave, crockery, toaster and kettle. The presence of heat pump heating and WiFi ensures that they will feel at home, even on the coolest days.<\/p>\n<p>The outdoor spaces are a true highlight of this property. Enjoy the private garden, garden furniture, barbecue, terrace and balcony. The shared pool is perfect for family fun moments. The fenced land provides security and privacy.<\/p>\n<p>Located in a charming area, the Tree House &#8211; Villa offers panoramic views that combine the blue of the sea, the green of the mountains, and the tranquillity of the garden. Ideal for groups of young people and families seeking a memorable experience, this villa promises unforgettable holidays.<\/p>\n","protected":false},"featured_media":19003,"template":"","alojamento_cat":[4585],"alojamento_loc":[1756],"class_list":["post-14119","ptalojamento","type-ptalojamento","status-publish","has-post-thumbnail","hentry","alojamento_cat-villa-en","alojamento_loc-ribeira-grande-pt-pt"],"acf":[],"yoast_head":"<!-- This site is optimized with the Yoast SEO plugin v26.9 - https:\/\/yoast.com\/product\/yoast-seo-wordpress\/ -->\n<title>Casa da \u00c1rvore - Villa - Alojamentos - Green Vacations<\/title>\n<meta name=\"robots\" content=\"index, follow, max-snippet:-1, max-image-preview:large, max-video-preview:-1\" \/>\n<link rel=\"canonical\" href=\"https:\/\/greenvacations.pt\/en\/ver-alojamento\/casa-da-arvore-villa-2\/\" \/>\n<meta property=\"og:locale\" content=\"en_US\" \/>\n<meta property=\"og:type\" content=\"article\" \/>\n<meta property=\"og:title\" content=\"Casa da \u00c1rvore - Villa - Alojamentos - Green Vacations\" \/>\n<meta property=\"og:description\" content=\"Welcome to Casa da \u00c1rvore &#8211; Villa, a charming family refuge located in the picturesque Calhetas, right by the sea. This spacious and cosy 350 square metre dwelling is the perfect destination for families seeking a relaxing getaway with stunning views of the sea, mountains, and swimming pool. The villa has three spacious bedrooms, all [&hellip;]\" \/>\n<meta property=\"og:url\" content=\"https:\/\/greenvacations.pt\/en\/ver-alojamento\/casa-da-arvore-villa-2\/\" \/>\n<meta property=\"og:site_name\" content=\"Green Vacations\" \/>\n<meta property=\"article:publisher\" content=\"https:\/\/www.facebook.com\/greenvacations.pt\/\" \/>\n<meta property=\"article:modified_time\" content=\"2026-04-06T15:01:22+00:00\" \/>\n<meta property=\"og:image\" content=\"https:\/\/greenvacations.pt\/wp-content\/uploads\/2026\/03\/173150811545eb84b8508793eab2c1532c3cf6fef4.jpg\" \/>\n\t<meta property=\"og:image:width\" content=\"2560\" \/>\n\t<meta property=\"og:image:height\" content=\"1707\" \/>\n\t<meta property=\"og:image:type\" content=\"image\/jpeg\" \/>\n<meta name=\"twitter:card\" content=\"summary_large_image\" \/>\n<meta name=\"twitter:label1\" content=\"Est. reading time\" \/>\n\t<meta name=\"twitter:data1\" content=\"2 minutes\" \/>\n<script type=\"application\/ld+json\" class=\"yoast-schema-graph\">{\"@context\":\"https:\/\/schema.org\",\"@graph\":[{\"@type\":\"WebPage\",\"@id\":\"https:\/\/greenvacations.pt\/en\/ver-alojamento\/casa-da-arvore-villa-2\/\",\"url\":\"https:\/\/greenvacations.pt\/en\/ver-alojamento\/casa-da-arvore-villa-2\/\",\"name\":\"Casa da \u00c1rvore - Villa - Alojamentos - Green Vacations\",\"isPartOf\":{\"@id\":\"https:\/\/greenvacations.pt\/en\/#website\"},\"primaryImageOfPage\":{\"@id\":\"https:\/\/greenvacations.pt\/en\/ver-alojamento\/casa-da-arvore-villa-2\/#primaryimage\"},\"image\":{\"@id\":\"https:\/\/greenvacations.pt\/en\/ver-alojamento\/casa-da-arvore-villa-2\/#primaryimage\"},\"thumbnailUrl\":\"https:\/\/greenvacations.pt\/wp-content\/uploads\/2026\/03\/173150811545eb84b8508793eab2c1532c3cf6fef4.jpg\",\"datePublished\":\"2026-03-25T10:47:40+00:00\",\"dateModified\":\"2026-04-06T15:01:22+00:00\",\"breadcrumb\":{\"@id\":\"https:\/\/greenvacations.pt\/en\/ver-alojamento\/casa-da-arvore-villa-2\/#breadcrumb\"},\"inLanguage\":\"en-US\",\"potentialAction\":[{\"@type\":\"ReadAction\",\"target\":[\"https:\/\/greenvacations.pt\/en\/ver-alojamento\/casa-da-arvore-villa-2\/\"]}]},{\"@type\":\"ImageObject\",\"inLanguage\":\"en-US\",\"@id\":\"https:\/\/greenvacations.pt\/en\/ver-alojamento\/casa-da-arvore-villa-2\/#primaryimage\",\"url\":\"https:\/\/greenvacations.pt\/wp-content\/uploads\/2026\/03\/173150811545eb84b8508793eab2c1532c3cf6fef4.jpg\",\"contentUrl\":\"https:\/\/greenvacations.pt\/wp-content\/uploads\/2026\/03\/173150811545eb84b8508793eab2c1532c3cf6fef4.jpg\",\"width\":2560,\"height\":1707},{\"@type\":\"BreadcrumbList\",\"@id\":\"https:\/\/greenvacations.pt\/en\/ver-alojamento\/casa-da-arvore-villa-2\/#breadcrumb\",\"itemListElement\":[{\"@type\":\"ListItem\",\"position\":1,\"name\":\"In\u00edcio\",\"item\":\"https:\/\/greenvacations.pt\/en\/\"},{\"@type\":\"ListItem\",\"position\":2,\"name\":\"Alojamentos\",\"item\":\"https:\/\/greenvacations.pt\/en\/ver-alojamento\/\"},{\"@type\":\"ListItem\",\"position\":3,\"name\":\"Casa da \u00c1rvore &#8211; Villa\"}]},{\"@type\":\"WebSite\",\"@id\":\"https:\/\/greenvacations.pt\/en\/#website\",\"url\":\"https:\/\/greenvacations.pt\/en\/\",\"name\":\"Green Vacations\",\"description\":\"Gest\u00e3o de im\u00f3veis destinados para alojamento local, experi\u00eancias de anima\u00e7\u00e3o tur\u00edstica, Ponta Delgada - S\u00e3o Miguel - A\u00e7ores\",\"publisher\":{\"@id\":\"https:\/\/greenvacations.pt\/en\/#organization\"},\"potentialAction\":[{\"@type\":\"SearchAction\",\"target\":{\"@type\":\"EntryPoint\",\"urlTemplate\":\"https:\/\/greenvacations.pt\/en\/?s={search_term_string}\"},\"query-input\":{\"@type\":\"PropertyValueSpecification\",\"valueRequired\":true,\"valueName\":\"search_term_string\"}}],\"inLanguage\":\"en-US\"},{\"@type\":\"Organization\",\"@id\":\"https:\/\/greenvacations.pt\/en\/#organization\",\"name\":\"Green Vacations\",\"url\":\"https:\/\/greenvacations.pt\/en\/\",\"logo\":{\"@type\":\"ImageObject\",\"inLanguage\":\"en-US\",\"@id\":\"https:\/\/greenvacations.pt\/en\/#\/schema\/logo\/image\/\",\"url\":\"https:\/\/greenvacations.pt\/wp-content\/uploads\/2025\/12\/favicon.png\",\"contentUrl\":\"https:\/\/greenvacations.pt\/wp-content\/uploads\/2025\/12\/favicon.png\",\"width\":233,\"height\":233,\"caption\":\"Green Vacations\"},\"image\":{\"@id\":\"https:\/\/greenvacations.pt\/en\/#\/schema\/logo\/image\/\"},\"sameAs\":[\"https:\/\/www.facebook.com\/greenvacations.pt\/\",\"https:\/\/www.instagram.com\/greenvacations.pt\/\"]}]}<\/script>\n<!-- \/ Yoast SEO plugin. -->","yoast_head_json":{"title":"Casa da \u00c1rvore - Villa - Alojamentos - Green Vacations","robots":{"index":"index","follow":"follow","max-snippet":"max-snippet:-1","max-image-preview":"max-image-preview:large","max-video-preview":"max-video-preview:-1"},"canonical":"https:\/\/greenvacations.pt\/en\/ver-alojamento\/casa-da-arvore-villa-2\/","og_locale":"en_US","og_type":"article","og_title":"Casa da \u00c1rvore - Villa - Alojamentos - Green Vacations","og_description":"Welcome to Casa da \u00c1rvore &#8211; Villa, a charming family refuge located in the picturesque Calhetas, right by the sea. This spacious and cosy 350 square metre dwelling is the perfect destination for families seeking a relaxing getaway with stunning views of the sea, mountains, and swimming pool. The villa has three spacious bedrooms, all [&hellip;]","og_url":"https:\/\/greenvacations.pt\/en\/ver-alojamento\/casa-da-arvore-villa-2\/","og_site_name":"Green Vacations","article_publisher":"https:\/\/www.facebook.com\/greenvacations.pt\/","article_modified_time":"2026-04-06T15:01:22+00:00","og_image":[{"width":2560,"height":1707,"url":"https:\/\/greenvacations.pt\/wp-content\/uploads\/2026\/03\/173150811545eb84b8508793eab2c1532c3cf6fef4.jpg","type":"image\/jpeg"}],"twitter_card":"summary_large_image","twitter_misc":{"Est. reading time":"2 minutes"},"schema":{"@context":"https:\/\/schema.org","@graph":[{"@type":"WebPage","@id":"https:\/\/greenvacations.pt\/en\/ver-alojamento\/casa-da-arvore-villa-2\/","url":"https:\/\/greenvacations.pt\/en\/ver-alojamento\/casa-da-arvore-villa-2\/","name":"Casa da \u00c1rvore - Villa - Alojamentos - Green Vacations","isPartOf":{"@id":"https:\/\/greenvacations.pt\/en\/#website"},"primaryImageOfPage":{"@id":"https:\/\/greenvacations.pt\/en\/ver-alojamento\/casa-da-arvore-villa-2\/#primaryimage"},"image":{"@id":"https:\/\/greenvacations.pt\/en\/ver-alojamento\/casa-da-arvore-villa-2\/#primaryimage"},"thumbnailUrl":"https:\/\/greenvacations.pt\/wp-content\/uploads\/2026\/03\/173150811545eb84b8508793eab2c1532c3cf6fef4.jpg","datePublished":"2026-03-25T10:47:40+00:00","dateModified":"2026-04-06T15:01:22+00:00","breadcrumb":{"@id":"https:\/\/greenvacations.pt\/en\/ver-alojamento\/casa-da-arvore-villa-2\/#breadcrumb"},"inLanguage":"en-US","potentialAction":[{"@type":"ReadAction","target":["https:\/\/greenvacations.pt\/en\/ver-alojamento\/casa-da-arvore-villa-2\/"]}]},{"@type":"ImageObject","inLanguage":"en-US","@id":"https:\/\/greenvacations.pt\/en\/ver-alojamento\/casa-da-arvore-villa-2\/#primaryimage","url":"https:\/\/greenvacations.pt\/wp-content\/uploads\/2026\/03\/173150811545eb84b8508793eab2c1532c3cf6fef4.jpg","contentUrl":"https:\/\/greenvacations.pt\/wp-content\/uploads\/2026\/03\/173150811545eb84b8508793eab2c1532c3cf6fef4.jpg","width":2560,"height":1707},{"@type":"BreadcrumbList","@id":"https:\/\/greenvacations.pt\/en\/ver-alojamento\/casa-da-arvore-villa-2\/#breadcrumb","itemListElement":[{"@type":"ListItem","position":1,"name":"In\u00edcio","item":"https:\/\/greenvacations.pt\/en\/"},{"@type":"ListItem","position":2,"name":"Alojamentos","item":"https:\/\/greenvacations.pt\/en\/ver-alojamento\/"},{"@type":"ListItem","position":3,"name":"Casa da \u00c1rvore &#8211; Villa"}]},{"@type":"WebSite","@id":"https:\/\/greenvacations.pt\/en\/#website","url":"https:\/\/greenvacations.pt\/en\/","name":"Green Vacations","description":"Gest\u00e3o de im\u00f3veis destinados para alojamento local, experi\u00eancias de anima\u00e7\u00e3o tur\u00edstica, Ponta Delgada - S\u00e3o Miguel - A\u00e7ores","publisher":{"@id":"https:\/\/greenvacations.pt\/en\/#organization"},"potentialAction":[{"@type":"SearchAction","target":{"@type":"EntryPoint","urlTemplate":"https:\/\/greenvacations.pt\/en\/?s={search_term_string}"},"query-input":{"@type":"PropertyValueSpecification","valueRequired":true,"valueName":"search_term_string"}}],"inLanguage":"en-US"},{"@type":"Organization","@id":"https:\/\/greenvacations.pt\/en\/#organization","name":"Green Vacations","url":"https:\/\/greenvacations.pt\/en\/","logo":{"@type":"ImageObject","inLanguage":"en-US","@id":"https:\/\/greenvacations.pt\/en\/#\/schema\/logo\/image\/","url":"https:\/\/greenvacations.pt\/wp-content\/uploads\/2025\/12\/favicon.png","contentUrl":"https:\/\/greenvacations.pt\/wp-content\/uploads\/2025\/12\/favicon.png","width":233,"height":233,"caption":"Green Vacations"},"image":{"@id":"https:\/\/greenvacations.pt\/en\/#\/schema\/logo\/image\/"},"sameAs":["https:\/\/www.facebook.com\/greenvacations.pt\/","https:\/\/www.instagram.com\/greenvacations.pt\/"]}]}},"_links":{"self":[{"href":"https:\/\/greenvacations.pt\/en\/wp-json\/wp\/v2\/ptalojamento\/14119","targetHints":{"allow":["GET"]}}],"collection":[{"href":"https:\/\/greenvacations.pt\/en\/wp-json\/wp\/v2\/ptalojamento"}],"about":[{"href":"https:\/\/greenvacations.pt\/en\/wp-json\/wp\/v2\/types\/ptalojamento"}],"version-history":[{"count":0,"href":"https:\/\/greenvacations.pt\/en\/wp-json\/wp\/v2\/ptalojamento\/14119\/revisions"}],"wp:featuredmedia":[{"embeddable":true,"href":"https:\/\/greenvacations.pt\/en\/wp-json\/wp\/v2\/media\/19003"}],"wp:attachment":[{"href":"https:\/\/greenvacations.pt\/en\/wp-json\/wp\/v2\/media?parent=14119"}],"wp:term":[{"taxonomy":"alojamento_cat","embeddable":true,"href":"https:\/\/greenvacations.pt\/en\/wp-json\/wp\/v2\/alojamento_cat?post=14119"},{"taxonomy":"alojamento_loc","embeddable":true,"href":"https:\/\/greenvacations.pt\/en\/wp-json\/wp\/v2\/alojamento_loc?post=14119"}],"curies":[{"name":"wp","href":"https:\/\/api.w.org\/{rel}","templated":true}]}}

Casa da Árvore &#8211; Villa

<p>Welcome to Casa da Árvore &#8211; Villa, a charming family refuge located in the picturesque Calhetas, right by the sea. This spacious and cosy 350 square metre dwelling is the perfect destination for families seeking a relaxing getaway with stunning views of the sea, mountains, and swimming pool.</p>
<p>The villa has three spacious bedrooms, all equipped with double beds, allowing comfortable accommodation for up to 6 people. With seven bathrooms &#8211; including one with a shower, two with a bathtub and four with only a toilet &#8211; we guarantee maximum comfort and privacy for all guests.</p>
<p>The fully equipped kitchen is a true dream for culinary enthusiasts, with a fridge, freezer, coffee machine, oven, microwave, crockery, toaster and kettle. The presence of heat pump heating and WiFi ensures that they will feel at home, even on the coolest days.</p>
<p>The outdoor spaces are a true highlight of this property. Enjoy the private garden, garden furniture, barbecue, terrace and balcony. The shared pool is perfect for family fun moments. The fenced land provides security and privacy.</p>
<p>Located in a charming area, the Tree House &#8211; Villa offers panoramic views that combine the blue of the sea, the green of the mountains, and the tranquillity of the garden. Ideal for groups of young people and families seeking a memorable experience, this villa promises unforgettable holidays.</p>

<!-- This site is optimized with the Yoast SEO plugin v26.9 - https://yoast.com/product/yoast-seo-wordpress/ -->
<title>Casa da Árvore - Villa - Alojamentos - Green Vacations</title>
<meta name="robots" content="index, follow, max-snippet:-1, max-image-preview:large, max-video-preview:-1" />
<link rel="canonical" href="https://greenvacations.pt/en/ver-alojamento/casa-da-arvore-villa-2/" />
<meta property="og:locale" content="en_US" />
<meta property="og:type" content="article" />
<meta property="og:title" content="Casa da Árvore - Villa - Alojamentos - Green Vacations" />
<meta property="og:description" content="Welcome to Casa da Árvore &#8211; Villa, a charming family refuge located in the picturesque Calhetas, right by the sea. This spacious and cosy 350 square metre dwelling is the perfect destination for families seeking a relaxing getaway with stunning views of the sea, mountains, and swimming pool. The villa has three spacious bedrooms, all [&hellip;]" />
<meta property="og:url" content="https://greenvacations.pt/en/ver-alojamento/casa-da-arvore-villa-2/" />
<meta property="og:site_name" content="Green Vacations" />
<meta property="article:publisher" content="https://www.facebook.com/greenvacations.pt/" />
<meta property="article:modified_time" content="2026-04-06T15:01:22+00:00" />
<meta property="og:image" content="https://greenvacations.pt/wp-content/uploads/2026/03/173150811545eb84b8508793eab2c1532c3cf6fef4.jpg" />
	<meta property="og:image:width" content="2560" />
	<meta property="og:image:height" content="1707" />
	<meta property="og:image:type" content="image/jpeg" />
<meta name="twitter:card" content="summary_large_image" />
<meta name="twitter:label1" content="Est. reading time" />
	<meta name="twitter:data1" content="2 minutes" />
<script type="application/ld+json" class="yoast-schema-graph">{"@context":"https://schema.org","@graph":[{"@type":"WebPage","@id":"https://greenvacations.pt/en/ver-alojamento/casa-da-arvore-villa-2/","url":"https://greenvacations.pt/en/ver-alojamento/casa-da-arvore-villa-2/","name":"Casa da Árvore - Villa - Alojamentos - Green Vacations","isPartOf":{"@id":"https://greenvacations.pt/en/#website"},"primaryImageOfPage":{"@id":"https://greenvacations.pt/en/ver-alojamento/casa-da-arvore-villa-2/#primaryimage"},"image":{"@id":"https://greenvacations.pt/en/ver-alojamento/casa-da-arvore-villa-2/#primaryimage"},"thumbnailUrl":"https://greenvacations.pt/wp-content/uploads/2026/03/173150811545eb84b8508793eab2c1532c3cf6fef4.jpg","datePublished":"2026-03-25T10:47:40+00:00","dateModified":"2026-04-06T15:01:22+00:00","breadcrumb":{"@id":"https://greenvacations.pt/en/ver-alojamento/casa-da-arvore-villa-2/#breadcrumb"},"inLanguage":"en-US","potentialAction":[{"@type":"ReadAction","target":["https://greenvacations.pt/en/ver-alojamento/casa-da-arvore-villa-2/"]}]},{"@type":"ImageObject","inLanguage":"en-US","@id":"https://greenvacations.pt/en/ver-alojamento/casa-da-arvore-villa-2/#primaryimage","url":"https://greenvacations.pt/wp-content/uploads/2026/03/173150811545eb84b8508793eab2c1532c3cf6fef4.jpg","contentUrl":"https://greenvacations.pt/wp-content/uploads/2026/03/173150811545eb84b8508793eab2c1532c3cf6fef4.jpg","width":2560,"height":1707},{"@type":"BreadcrumbList","@id":"https://greenvacations.pt/en/ver-alojamento/casa-da-arvore-villa-2/#breadcrumb","itemListElement":[{"@type":"ListItem","position":1,"name":"Início","item":"https://greenvacations.pt/en/"},{"@type":"ListItem","position":2,"name":"Alojamentos","item":"https://greenvacations.pt/en/ver-alojamento/"},{"@type":"ListItem","position":3,"name":"Casa da Árvore &#8211; Villa"}]},{"@type":"WebSite","@id":"https://greenvacations.pt/en/#website","url":"https://greenvacations.pt/en/","name":"Green Vacations","description":"Gestão de imóveis destinados para alojamento local, experiências de animação turística, Ponta Delgada - São Miguel - Açores","publisher":{"@id":"https://greenvacations.pt/en/#organization"},"potentialAction":[{"@type":"SearchAction","target":{"@type":"EntryPoint","urlTemplate":"https://greenvacations.pt/en/?s={search_term_string}"},"query-input":{"@type":"PropertyValueSpecification","valueRequired":true,"valueName":"search_term_string"}}],"inLanguage":"en-US"},{"@type":"Organization","@id":"https://greenvacations.pt/en/#organization","name":"Green Vacations","url":"https://greenvacations.pt/en/","logo":{"@type":"ImageObject","inLanguage":"en-US","@id":"https://greenvacations.pt/en/#/schema/logo/image/","url":"https://greenvacations.pt/wp-content/uploads/2025/12/favicon.png","contentUrl":"https://greenvacations.pt/wp-content/uploads/2025/12/favicon.png","width":233,"height":233,"caption":"Green Vacations"},"image":{"@id":"https://greenvacations.pt/en/#/schema/logo/image/"},"sameAs":["https://www.facebook.com/greenvacations.pt/","https://www.instagram.com/greenvacations.pt/"]}]}</script>
<!-- / Yoast SEO plugin. -->

Casa da Árvore - Villa - Alojamentos - Green Vacations

Welcome to Casa da Árvore &#8211; Villa, a charming family refuge located in the picturesque Calhetas, right by the sea. This spacious and cosy 350 square metre dwelling is the perfect destination for families seeking a relaxing getaway with stunning views of the sea, mountains, and swimming pool. The villa has three spacious bedrooms, all [&hellip;]

Início

Gestão de imóveis destinados para alojamento local, experiências de animação turística, Ponta Delgada - São Miguel - Açores
