{"id":14075,"date":"2026-03-25T09:47:39","date_gmt":"2026-03-25T10:47:39","guid":{"rendered":"https:\/\/greenvacations.pt\/ver-alojamento\/rooftop-terrace-apartment-pdl-2\/"},"modified":"2026-04-06T13:37:53","modified_gmt":"2026-04-06T14:37:53","slug":"rooftop-terrace-apartment-pdl-2","status":"publish","type":"ptalojamento","link":"https:\/\/greenvacations.pt\/en\/ver-alojamento\/rooftop-terrace-apartment-pdl-2\/","title":{"rendered":"Rooftop Terrace Apartment PDL"},"content":{"rendered":"<p>The Rooftop Apartment PDL in Ponta Delgada has 1 bedroom and capacity for 4 people. 70m2 accommodation, cosy and fully equipped, with sea and mountain views. Located 300 m from the bus stop, 1km from &#8220;Cantinho da M\u00e3e&#8221;, 2km from &#8220;Hospital do Divino Esp\u00edrito Santo&#8221;, 6km from the airport, 6km from the sandy beach &#8220;Praia das Mil\u00edcias&#8221; and situated in a well-connected area near shops and restaurants. It features a lift, garden furniture, balcony, washing machine, iron, internet access (wifi), hairdryer, tennis court, communal swimming pool and air conditioning in the bedroom. The kitchen is equipped with a fridge, microwave, oven, crockery\/cutlery, kitchen utensils, coffee maker, toaster and electric kettle.<\/p>\n","protected":false},"featured_media":17887,"template":"","alojamento_cat":[4593],"alojamento_loc":[1746],"class_list":["post-14075","ptalojamento","type-ptalojamento","status-publish","has-post-thumbnail","hentry","alojamento_cat-residencial-en","alojamento_loc-ponta-delgada-pt-pt"],"acf":[],"yoast_head":"<!-- This site is optimized with the Yoast SEO plugin v26.9 - https:\/\/yoast.com\/product\/yoast-seo-wordpress\/ -->\n<title>Rooftop Terrace Apartment PDL - Alojamentos - Green Vacations<\/title>\n<meta name=\"robots\" content=\"index, follow, max-snippet:-1, max-image-preview:large, max-video-preview:-1\" \/>\n<link rel=\"canonical\" href=\"https:\/\/greenvacations.pt\/en\/ver-alojamento\/rooftop-terrace-apartment-pdl-2\/\" \/>\n<meta property=\"og:locale\" content=\"en_US\" \/>\n<meta property=\"og:type\" content=\"article\" \/>\n<meta property=\"og:title\" content=\"Rooftop Terrace Apartment PDL - Alojamentos - Green Vacations\" \/>\n<meta property=\"og:description\" content=\"The Rooftop Apartment PDL in Ponta Delgada has 1 bedroom and capacity for 4 people. 70m2 accommodation, cosy and fully equipped, with sea and mountain views. Located 300 m from the bus stop, 1km from &#8220;Cantinho da M\u00e3e&#8221;, 2km from &#8220;Hospital do Divino Esp\u00edrito Santo&#8221;, 6km from the airport, 6km from the sandy beach &#8220;Praia [&hellip;]\" \/>\n<meta property=\"og:url\" content=\"https:\/\/greenvacations.pt\/en\/ver-alojamento\/rooftop-terrace-apartment-pdl-2\/\" \/>\n<meta property=\"og:site_name\" content=\"Green Vacations\" \/>\n<meta property=\"article:publisher\" content=\"https:\/\/www.facebook.com\/greenvacations.pt\/\" \/>\n<meta property=\"article:modified_time\" content=\"2026-04-06T14:37:53+00:00\" \/>\n<meta property=\"og:image\" content=\"https:\/\/greenvacations.pt\/wp-content\/uploads\/2026\/03\/1733765347eaf91500f9b0e6432fc9b7ee017d3ca4.jpg\" \/>\n\t<meta property=\"og:image:width\" content=\"2560\" \/>\n\t<meta property=\"og:image:height\" content=\"1707\" \/>\n\t<meta property=\"og:image:type\" content=\"image\/jpeg\" \/>\n<meta name=\"twitter:card\" content=\"summary_large_image\" \/>\n<meta name=\"twitter:label1\" content=\"Est. reading time\" \/>\n\t<meta name=\"twitter:data1\" content=\"1 minute\" \/>\n<script type=\"application\/ld+json\" class=\"yoast-schema-graph\">{\"@context\":\"https:\/\/schema.org\",\"@graph\":[{\"@type\":\"WebPage\",\"@id\":\"https:\/\/greenvacations.pt\/en\/ver-alojamento\/rooftop-terrace-apartment-pdl-2\/\",\"url\":\"https:\/\/greenvacations.pt\/en\/ver-alojamento\/rooftop-terrace-apartment-pdl-2\/\",\"name\":\"Rooftop Terrace Apartment PDL - Alojamentos - Green Vacations\",\"isPartOf\":{\"@id\":\"https:\/\/greenvacations.pt\/en\/#website\"},\"primaryImageOfPage\":{\"@id\":\"https:\/\/greenvacations.pt\/en\/ver-alojamento\/rooftop-terrace-apartment-pdl-2\/#primaryimage\"},\"image\":{\"@id\":\"https:\/\/greenvacations.pt\/en\/ver-alojamento\/rooftop-terrace-apartment-pdl-2\/#primaryimage\"},\"thumbnailUrl\":\"https:\/\/greenvacations.pt\/wp-content\/uploads\/2026\/03\/1733765347eaf91500f9b0e6432fc9b7ee017d3ca4.jpg\",\"datePublished\":\"2026-03-25T10:47:39+00:00\",\"dateModified\":\"2026-04-06T14:37:53+00:00\",\"breadcrumb\":{\"@id\":\"https:\/\/greenvacations.pt\/en\/ver-alojamento\/rooftop-terrace-apartment-pdl-2\/#breadcrumb\"},\"inLanguage\":\"en-US\",\"potentialAction\":[{\"@type\":\"ReadAction\",\"target\":[\"https:\/\/greenvacations.pt\/en\/ver-alojamento\/rooftop-terrace-apartment-pdl-2\/\"]}]},{\"@type\":\"ImageObject\",\"inLanguage\":\"en-US\",\"@id\":\"https:\/\/greenvacations.pt\/en\/ver-alojamento\/rooftop-terrace-apartment-pdl-2\/#primaryimage\",\"url\":\"https:\/\/greenvacations.pt\/wp-content\/uploads\/2026\/03\/1733765347eaf91500f9b0e6432fc9b7ee017d3ca4.jpg\",\"contentUrl\":\"https:\/\/greenvacations.pt\/wp-content\/uploads\/2026\/03\/1733765347eaf91500f9b0e6432fc9b7ee017d3ca4.jpg\",\"width\":2560,\"height\":1707},{\"@type\":\"BreadcrumbList\",\"@id\":\"https:\/\/greenvacations.pt\/en\/ver-alojamento\/rooftop-terrace-apartment-pdl-2\/#breadcrumb\",\"itemListElement\":[{\"@type\":\"ListItem\",\"position\":1,\"name\":\"In\u00edcio\",\"item\":\"https:\/\/greenvacations.pt\/en\/\"},{\"@type\":\"ListItem\",\"position\":2,\"name\":\"Alojamentos\",\"item\":\"https:\/\/greenvacations.pt\/en\/ver-alojamento\/\"},{\"@type\":\"ListItem\",\"position\":3,\"name\":\"Rooftop Terrace Apartment PDL\"}]},{\"@type\":\"WebSite\",\"@id\":\"https:\/\/greenvacations.pt\/en\/#website\",\"url\":\"https:\/\/greenvacations.pt\/en\/\",\"name\":\"Green Vacations\",\"description\":\"Gest\u00e3o de im\u00f3veis destinados para alojamento local, experi\u00eancias de anima\u00e7\u00e3o tur\u00edstica, Ponta Delgada - S\u00e3o Miguel - A\u00e7ores\",\"publisher\":{\"@id\":\"https:\/\/greenvacations.pt\/en\/#organization\"},\"potentialAction\":[{\"@type\":\"SearchAction\",\"target\":{\"@type\":\"EntryPoint\",\"urlTemplate\":\"https:\/\/greenvacations.pt\/en\/?s={search_term_string}\"},\"query-input\":{\"@type\":\"PropertyValueSpecification\",\"valueRequired\":true,\"valueName\":\"search_term_string\"}}],\"inLanguage\":\"en-US\"},{\"@type\":\"Organization\",\"@id\":\"https:\/\/greenvacations.pt\/en\/#organization\",\"name\":\"Green Vacations\",\"url\":\"https:\/\/greenvacations.pt\/en\/\",\"logo\":{\"@type\":\"ImageObject\",\"inLanguage\":\"en-US\",\"@id\":\"https:\/\/greenvacations.pt\/en\/#\/schema\/logo\/image\/\",\"url\":\"https:\/\/greenvacations.pt\/wp-content\/uploads\/2025\/12\/favicon.png\",\"contentUrl\":\"https:\/\/greenvacations.pt\/wp-content\/uploads\/2025\/12\/favicon.png\",\"width\":233,\"height\":233,\"caption\":\"Green Vacations\"},\"image\":{\"@id\":\"https:\/\/greenvacations.pt\/en\/#\/schema\/logo\/image\/\"},\"sameAs\":[\"https:\/\/www.facebook.com\/greenvacations.pt\/\",\"https:\/\/www.instagram.com\/greenvacations.pt\/\"]}]}<\/script>\n<!-- \/ Yoast SEO plugin. -->","yoast_head_json":{"title":"Rooftop Terrace Apartment PDL - Alojamentos - Green Vacations","robots":{"index":"index","follow":"follow","max-snippet":"max-snippet:-1","max-image-preview":"max-image-preview:large","max-video-preview":"max-video-preview:-1"},"canonical":"https:\/\/greenvacations.pt\/en\/ver-alojamento\/rooftop-terrace-apartment-pdl-2\/","og_locale":"en_US","og_type":"article","og_title":"Rooftop Terrace Apartment PDL - Alojamentos - Green Vacations","og_description":"The Rooftop Apartment PDL in Ponta Delgada has 1 bedroom and capacity for 4 people. 70m2 accommodation, cosy and fully equipped, with sea and mountain views. Located 300 m from the bus stop, 1km from &#8220;Cantinho da M\u00e3e&#8221;, 2km from &#8220;Hospital do Divino Esp\u00edrito Santo&#8221;, 6km from the airport, 6km from the sandy beach &#8220;Praia [&hellip;]","og_url":"https:\/\/greenvacations.pt\/en\/ver-alojamento\/rooftop-terrace-apartment-pdl-2\/","og_site_name":"Green Vacations","article_publisher":"https:\/\/www.facebook.com\/greenvacations.pt\/","article_modified_time":"2026-04-06T14:37:53+00:00","og_image":[{"width":2560,"height":1707,"url":"https:\/\/greenvacations.pt\/wp-content\/uploads\/2026\/03\/1733765347eaf91500f9b0e6432fc9b7ee017d3ca4.jpg","type":"image\/jpeg"}],"twitter_card":"summary_large_image","twitter_misc":{"Est. reading time":"1 minute"},"schema":{"@context":"https:\/\/schema.org","@graph":[{"@type":"WebPage","@id":"https:\/\/greenvacations.pt\/en\/ver-alojamento\/rooftop-terrace-apartment-pdl-2\/","url":"https:\/\/greenvacations.pt\/en\/ver-alojamento\/rooftop-terrace-apartment-pdl-2\/","name":"Rooftop Terrace Apartment PDL - Alojamentos - Green Vacations","isPartOf":{"@id":"https:\/\/greenvacations.pt\/en\/#website"},"primaryImageOfPage":{"@id":"https:\/\/greenvacations.pt\/en\/ver-alojamento\/rooftop-terrace-apartment-pdl-2\/#primaryimage"},"image":{"@id":"https:\/\/greenvacations.pt\/en\/ver-alojamento\/rooftop-terrace-apartment-pdl-2\/#primaryimage"},"thumbnailUrl":"https:\/\/greenvacations.pt\/wp-content\/uploads\/2026\/03\/1733765347eaf91500f9b0e6432fc9b7ee017d3ca4.jpg","datePublished":"2026-03-25T10:47:39+00:00","dateModified":"2026-04-06T14:37:53+00:00","breadcrumb":{"@id":"https:\/\/greenvacations.pt\/en\/ver-alojamento\/rooftop-terrace-apartment-pdl-2\/#breadcrumb"},"inLanguage":"en-US","potentialAction":[{"@type":"ReadAction","target":["https:\/\/greenvacations.pt\/en\/ver-alojamento\/rooftop-terrace-apartment-pdl-2\/"]}]},{"@type":"ImageObject","inLanguage":"en-US","@id":"https:\/\/greenvacations.pt\/en\/ver-alojamento\/rooftop-terrace-apartment-pdl-2\/#primaryimage","url":"https:\/\/greenvacations.pt\/wp-content\/uploads\/2026\/03\/1733765347eaf91500f9b0e6432fc9b7ee017d3ca4.jpg","contentUrl":"https:\/\/greenvacations.pt\/wp-content\/uploads\/2026\/03\/1733765347eaf91500f9b0e6432fc9b7ee017d3ca4.jpg","width":2560,"height":1707},{"@type":"BreadcrumbList","@id":"https:\/\/greenvacations.pt\/en\/ver-alojamento\/rooftop-terrace-apartment-pdl-2\/#breadcrumb","itemListElement":[{"@type":"ListItem","position":1,"name":"In\u00edcio","item":"https:\/\/greenvacations.pt\/en\/"},{"@type":"ListItem","position":2,"name":"Alojamentos","item":"https:\/\/greenvacations.pt\/en\/ver-alojamento\/"},{"@type":"ListItem","position":3,"name":"Rooftop Terrace Apartment PDL"}]},{"@type":"WebSite","@id":"https:\/\/greenvacations.pt\/en\/#website","url":"https:\/\/greenvacations.pt\/en\/","name":"Green Vacations","description":"Gest\u00e3o de im\u00f3veis destinados para alojamento local, experi\u00eancias de anima\u00e7\u00e3o tur\u00edstica, Ponta Delgada - S\u00e3o Miguel - A\u00e7ores","publisher":{"@id":"https:\/\/greenvacations.pt\/en\/#organization"},"potentialAction":[{"@type":"SearchAction","target":{"@type":"EntryPoint","urlTemplate":"https:\/\/greenvacations.pt\/en\/?s={search_term_string}"},"query-input":{"@type":"PropertyValueSpecification","valueRequired":true,"valueName":"search_term_string"}}],"inLanguage":"en-US"},{"@type":"Organization","@id":"https:\/\/greenvacations.pt\/en\/#organization","name":"Green Vacations","url":"https:\/\/greenvacations.pt\/en\/","logo":{"@type":"ImageObject","inLanguage":"en-US","@id":"https:\/\/greenvacations.pt\/en\/#\/schema\/logo\/image\/","url":"https:\/\/greenvacations.pt\/wp-content\/uploads\/2025\/12\/favicon.png","contentUrl":"https:\/\/greenvacations.pt\/wp-content\/uploads\/2025\/12\/favicon.png","width":233,"height":233,"caption":"Green Vacations"},"image":{"@id":"https:\/\/greenvacations.pt\/en\/#\/schema\/logo\/image\/"},"sameAs":["https:\/\/www.facebook.com\/greenvacations.pt\/","https:\/\/www.instagram.com\/greenvacations.pt\/"]}]}},"_links":{"self":[{"href":"https:\/\/greenvacations.pt\/en\/wp-json\/wp\/v2\/ptalojamento\/14075","targetHints":{"allow":["GET"]}}],"collection":[{"href":"https:\/\/greenvacations.pt\/en\/wp-json\/wp\/v2\/ptalojamento"}],"about":[{"href":"https:\/\/greenvacations.pt\/en\/wp-json\/wp\/v2\/types\/ptalojamento"}],"version-history":[{"count":0,"href":"https:\/\/greenvacations.pt\/en\/wp-json\/wp\/v2\/ptalojamento\/14075\/revisions"}],"wp:featuredmedia":[{"embeddable":true,"href":"https:\/\/greenvacations.pt\/en\/wp-json\/wp\/v2\/media\/17887"}],"wp:attachment":[{"href":"https:\/\/greenvacations.pt\/en\/wp-json\/wp\/v2\/media?parent=14075"}],"wp:term":[{"taxonomy":"alojamento_cat","embeddable":true,"href":"https:\/\/greenvacations.pt\/en\/wp-json\/wp\/v2\/alojamento_cat?post=14075"},{"taxonomy":"alojamento_loc","embeddable":true,"href":"https:\/\/greenvacations.pt\/en\/wp-json\/wp\/v2\/alojamento_loc?post=14075"}],"curies":[{"name":"wp","href":"https:\/\/api.w.org\/{rel}","templated":true}]}}

<p>The Rooftop Apartment PDL in Ponta Delgada has 1 bedroom and capacity for 4 people. 70m2 accommodation, cosy and fully equipped, with sea and mountain views. Located 300 m from the bus stop, 1km from &#8220;Cantinho da Mãe&#8221;, 2km from &#8220;Hospital do Divino Espírito Santo&#8221;, 6km from the airport, 6km from the sandy beach &#8220;Praia das Milícias&#8221; and situated in a well-connected area near shops and restaurants. It features a lift, garden furniture, balcony, washing machine, iron, internet access (wifi), hairdryer, tennis court, communal swimming pool and air conditioning in the bedroom. The kitchen is equipped with a fridge, microwave, oven, crockery/cutlery, kitchen utensils, coffee maker, toaster and electric kettle.</p>

<!-- This site is optimized with the Yoast SEO plugin v26.9 - https://yoast.com/product/yoast-seo-wordpress/ -->
<title>Rooftop Terrace Apartment PDL - Alojamentos - Green Vacations</title>
<meta name="robots" content="index, follow, max-snippet:-1, max-image-preview:large, max-video-preview:-1" />
<link rel="canonical" href="https://greenvacations.pt/en/ver-alojamento/rooftop-terrace-apartment-pdl-2/" />
<meta property="og:locale" content="en_US" />
<meta property="og:type" content="article" />
<meta property="og:title" content="Rooftop Terrace Apartment PDL - Alojamentos - Green Vacations" />
<meta property="og:description" content="The Rooftop Apartment PDL in Ponta Delgada has 1 bedroom and capacity for 4 people. 70m2 accommodation, cosy and fully equipped, with sea and mountain views. Located 300 m from the bus stop, 1km from &#8220;Cantinho da Mãe&#8221;, 2km from &#8220;Hospital do Divino Espírito Santo&#8221;, 6km from the airport, 6km from the sandy beach &#8220;Praia [&hellip;]" />
<meta property="og:url" content="https://greenvacations.pt/en/ver-alojamento/rooftop-terrace-apartment-pdl-2/" />
<meta property="og:site_name" content="Green Vacations" />
<meta property="article:publisher" content="https://www.facebook.com/greenvacations.pt/" />
<meta property="article:modified_time" content="2026-04-06T14:37:53+00:00" />
<meta property="og:image" content="https://greenvacations.pt/wp-content/uploads/2026/03/1733765347eaf91500f9b0e6432fc9b7ee017d3ca4.jpg" />
	<meta property="og:image:width" content="2560" />
	<meta property="og:image:height" content="1707" />
	<meta property="og:image:type" content="image/jpeg" />
<meta name="twitter:card" content="summary_large_image" />
<meta name="twitter:label1" content="Est. reading time" />
	<meta name="twitter:data1" content="1 minute" />
<script type="application/ld+json" class="yoast-schema-graph">{"@context":"https://schema.org","@graph":[{"@type":"WebPage","@id":"https://greenvacations.pt/en/ver-alojamento/rooftop-terrace-apartment-pdl-2/","url":"https://greenvacations.pt/en/ver-alojamento/rooftop-terrace-apartment-pdl-2/","name":"Rooftop Terrace Apartment PDL - Alojamentos - Green Vacations","isPartOf":{"@id":"https://greenvacations.pt/en/#website"},"primaryImageOfPage":{"@id":"https://greenvacations.pt/en/ver-alojamento/rooftop-terrace-apartment-pdl-2/#primaryimage"},"image":{"@id":"https://greenvacations.pt/en/ver-alojamento/rooftop-terrace-apartment-pdl-2/#primaryimage"},"thumbnailUrl":"https://greenvacations.pt/wp-content/uploads/2026/03/1733765347eaf91500f9b0e6432fc9b7ee017d3ca4.jpg","datePublished":"2026-03-25T10:47:39+00:00","dateModified":"2026-04-06T14:37:53+00:00","breadcrumb":{"@id":"https://greenvacations.pt/en/ver-alojamento/rooftop-terrace-apartment-pdl-2/#breadcrumb"},"inLanguage":"en-US","potentialAction":[{"@type":"ReadAction","target":["https://greenvacations.pt/en/ver-alojamento/rooftop-terrace-apartment-pdl-2/"]}]},{"@type":"ImageObject","inLanguage":"en-US","@id":"https://greenvacations.pt/en/ver-alojamento/rooftop-terrace-apartment-pdl-2/#primaryimage","url":"https://greenvacations.pt/wp-content/uploads/2026/03/1733765347eaf91500f9b0e6432fc9b7ee017d3ca4.jpg","contentUrl":"https://greenvacations.pt/wp-content/uploads/2026/03/1733765347eaf91500f9b0e6432fc9b7ee017d3ca4.jpg","width":2560,"height":1707},{"@type":"BreadcrumbList","@id":"https://greenvacations.pt/en/ver-alojamento/rooftop-terrace-apartment-pdl-2/#breadcrumb","itemListElement":[{"@type":"ListItem","position":1,"name":"Início","item":"https://greenvacations.pt/en/"},{"@type":"ListItem","position":2,"name":"Alojamentos","item":"https://greenvacations.pt/en/ver-alojamento/"},{"@type":"ListItem","position":3,"name":"Rooftop Terrace Apartment PDL"}]},{"@type":"WebSite","@id":"https://greenvacations.pt/en/#website","url":"https://greenvacations.pt/en/","name":"Green Vacations","description":"Gestão de imóveis destinados para alojamento local, experiências de animação turística, Ponta Delgada - São Miguel - Açores","publisher":{"@id":"https://greenvacations.pt/en/#organization"},"potentialAction":[{"@type":"SearchAction","target":{"@type":"EntryPoint","urlTemplate":"https://greenvacations.pt/en/?s={search_term_string}"},"query-input":{"@type":"PropertyValueSpecification","valueRequired":true,"valueName":"search_term_string"}}],"inLanguage":"en-US"},{"@type":"Organization","@id":"https://greenvacations.pt/en/#organization","name":"Green Vacations","url":"https://greenvacations.pt/en/","logo":{"@type":"ImageObject","inLanguage":"en-US","@id":"https://greenvacations.pt/en/#/schema/logo/image/","url":"https://greenvacations.pt/wp-content/uploads/2025/12/favicon.png","contentUrl":"https://greenvacations.pt/wp-content/uploads/2025/12/favicon.png","width":233,"height":233,"caption":"Green Vacations"},"image":{"@id":"https://greenvacations.pt/en/#/schema/logo/image/"},"sameAs":["https://www.facebook.com/greenvacations.pt/","https://www.instagram.com/greenvacations.pt/"]}]}</script>
<!-- / Yoast SEO plugin. -->

The Rooftop Apartment PDL in Ponta Delgada has 1 bedroom and capacity for 4 people. 70m2 accommodation, cosy and fully equipped, with sea and mountain views. Located 300 m from the bus stop, 1km from &#8220;Cantinho da Mãe&#8221;, 2km from &#8220;Hospital do Divino Espírito Santo&#8221;, 6km from the airport, 6km from the sandy beach &#8220;Praia [&hellip;]

Início

Gestão de imóveis destinados para alojamento local, experiências de animação turística, Ponta Delgada - São Miguel - Açores
